cubot m5489 logcat

Download Cubot M5489 Logcat

If you can't read please download the document

Upload: debbie-taylor

Post on 03-Jan-2016

339 views

Category:

Documents


5 download

TRANSCRIPT

--------- beginning of /dev/log/main
I/Resize ( 89): Resize data partition to 1023M. Starting...
E/Resize ( 89): resize run ok. We will run e2fsck -pDf to fix journal size...
E/Resize ( 89): successful to run e2fsck...
I/Resize ( 89): successful to Risize data partition. E/ccci_mdinit(0)( 124): md_init ver:1.00 E/ccci_mdinit(0)( 125): md_init ver:1.00
E/cutils ( 143): Failed to read /data/.layout_version: No such file or directo ry
E/cutils ( 143): to chown(/data/media/, 1023, 1023)
E/cutils ( 143): to chown(/data/media/, 1023, 1023)
E/cutils ( 143): to chown(/data/media/obb, 1023, 1023)
I/stp_dump( 146): ==>main
I/stp_dump( 146): stp_dump_ctrl_iface_trace_logger_sendto_fd succeed
E/stp_dump( 146): [STP_DBG] family id = 19
I/stp_dump( 146): sending dummy command
I/stp_dump( 146): set sock number to 9
I/stp_dump( 146): addr.sun_path:stp_DIR=/data/misc/stp_dump GROUP=stp
E/stp_dump( 146): mkdir (/data/misc/stp_dump) succeed
I/stp_dump( 146): ctrl_interface_group=1000 (from group name 'stp')
I/stp_dump( 146): chown (/data/misc/stp_dump) succeed
I/stp_dump( 146): CTRL: chmod[/data/misc/stp_dump] succeed
I/stp_dump( 146): set sock number to 10
I/stp_dump( 146): stp_dump_ctrl_iface_init succeed.
I/stp_dump( 146): ==>main222 E/ccci_fsd(0)( 122): md_fsd Ver:v1.00 E/ccci_fsd(0)( 123): md_fsd Ver:v1.00 E/ccci_fsd(2)( 123): /dev/ccci2_fs is not enabled(2).
E/Hald ( 136): received error
E/Hald ( 136): Unable to get family id, Retry --------- beginning of /dev/log/system
E/POAD ( 167): boot_mode = 0
E/POAD ( 167): update boot reason = 0
D/NVRAM ( 132): g_i4CFG_File_Count: 25
D/NVRAM ( 132): NVM_Init Max Lid: 44
D/NVRAM ( 132): Total nvram Lid number is 44
D/NVRAM ( 132): enter clean boot
D/NVRAM ( 132): [NVRAM]:cMtdDevName:/dev/nvram
D/NVRAM ( 132): [NVRAM]:iBlockNum:22
D/NVRAM ( 132): [NVRAM]:iBlockNum:21
D/NVRAM ( 132): [NVRAM]:read:131072
D/NVRAM ( 132): [NVRAM_Bitmap]:Block0,0
D/NVRAM ( 132): [NVRAM_Bitmap]:Block1,0
D/NVRAM ( 132): [NVRAM_Bitmap]:Block2,0
D/NVRAM ( 132): [NVRAM_Bitmap]:Block3,0
D/NVRAM ( 132): [NVRAM_Bitmap]:Block4,0
D/NVRAM ( 132): [NVRAM_Bitmap]:Block5,0
D/NVRAM ( 132): [NVRAM_Bitmap]:Block6,0
D/NVRAM ( 132): [NVRAM_Bitmap]:Block7,0
D/NVRAM ( 132): [NVRAM_Bitmap]:Block8,0
D/NVRAM ( 132): [NVRAM_Bitmap]:Block9,0
D/NVRAM ( 132): [NVRAM_Bitmap]:Block10,0
D/NVRAM ( 132): [NVRAM_Bitmap]:Block11,0
D/NVRAM ( 132): [NVRAM_Bitmap]:Block12,0
D/NVRAM ( 132): [NVRAM_Bitmap]:Block13,0
D/NVRAM ( 132): [NVRAM_Bitmap]:Block14,0
D/NVRAM ( 132): [NVRAM_Bitmap]:Block15,0
D/NVRAM ( 132): [NVRAM_Bitmap]:Block16,0
D/NVRAM ( 132): [NVRAM_Bitmap]:Block17,0
D/NVRAM ( 132): [NVRAM_Bitmap]:Block18,0D/NVRAM ( 132): [NVRAM_Bitmap]:Block19,0
D/NVRAM ( 132): [NVRAM_Bitmap]:Block20,0
D/NVRAM ( 132): [NVRAM_Bitmap]:Block21,0
D/NVRAM ( 132): [NVRAM]:map file read size:131072
D/NVRAM ( 132): [NVRAM]: map file:14320,dat file:34386
D/PQ ( 133): PQ init start...
D/PQ ( 133): PQ test...
D/PQ ( 133): PQ init end !
I/MobileLogD( 127): [void change_permission()] set mobile_log_d is in root user , adjust caps for its thread
D/NVRAM ( 156): NvRAMAgent created
I/AEE/AED ( 126): Built Jan 30 2013 19:35:15
I/MobileLogD( 127): mobilelog start after boot, mode:0
E/MobileLogD/cache( 127): create /data/misc/mblog
D/MobileLogD/cache( 127): init cache configure items....
D/MobileLogD/cache( 127): value of ro.build.type:user.
D/MobileLogD( 127): write "mobilelog start after boot, mode:0" to mblog
E/NVRAM ( 156): Haman, serviceManager work well
D/NVRAM ( 156): NvRAMAgent Service is now ready
D/AEE/AED ( 126): ChangeAEEWorkMode: 4
I/AEE/AED ( 126): AED config
I/AEE/AED ( 126): mode '4'
I/AEE/AED ( 126): exp level '0
I/AEE/AED ( 126): dal enable '0'
I/AEE/AED ( 126): db count '4'
I/AEE/AED ( 126): db storage '2'
I/AEE/AED ( 126): SMP Info => 1
I/DMAgent ( 150): DMAgent created
I/GoogleOtaAgent( 154): GoogleOtaAgent created
I/GoogleOtaAgent( 154): [GoogleOtaAgent]register OK.
I/GoogleOtaAgent( 154): GoogleOtaAgent Service is now ready
I/ ( 140): ServiceManager: 0x41715698
I/DMAgent ( 150): [DMAgent]register OK.
D/DMAgent ( 150): DMAgent Service is now ready
E/AEE/LIBAEE( 126): Can't remove file /sdcard/mtklog/aee_exp/temp: No such file or directory
E/AEE/LIBAEE( 126): Can't remove file /data/aee_exp/temp: No such file or direc tory
V/AEE/AED ( 126): ETB buffer length = 0
V/AEE/AED ( 126): ETM start
I/AEE/AED ( 126): wdt_status = 2, fiq_step=0
I/AEE/AED ( 126): reboot_reason = 0
I/DPFD ( 152): [DPFD] main start ...
I/DPFD ( 152): [DPFD] set priority to RR:268435540
I/DPFD ( 152): [int adjustPriority()] set dpfd is in root user, adjust caps for its thread
D/DPFD ( 152): [DPFD] Wait Request.....
D/MobileLogD/cache( 127): config logpath=/mnt/sdcard same as current value
D/MobileLogD/cache( 127): config autostart=0 same as current value
D/MobileLogD/cache( 127): config logsize=300 same as current value
I/6620_launcher( 121): chip id is 0x6628
I/6620_launcher( 121): chiId:0x6628, setting to property(persist.mtk.wcn.combo. chipid)
D/permission_check( 148): change_md_nvram_attr--1
D/NVRAM ( 132): [NVRAM]:dat file read begin:1
D/NVRAM ( 132): [NVRAM]:dat file read size:131072
D/NVRAM ( 132): [NVRAM]:dat file read end:1
I/MTKBRIDGE( 129): pow src is 1
I/MTKINIT ( 129): [test test] power src is 1
I/MTKINIT ( 129): init frequency is 286000D/BTSNIFF ( 151): persist.bt.virtualsniff : len=1, 0
D/[BT3.0+HS]PAL( 151): In pal_hci_log_hdlr_init()
D/[BT3.0+HS]PAL( 151):
D/[BT3.0+HS]PAL( 151): get property in pal_is_wlan_up status is not running!!!
D/[BT3.0+HS]PAL( 151): open BT host dev
D/[BT3.0+HS]PAL( 151):
D/[BT3.0+HS]PAL( 151): g_pal_sap_interface.bthost_fd socket_make_sockaddr_un ok ! () len:15
D/[BT3.0+HS]PAL( 151):
D/[BT3.0+HS]PAL( 151): BT socket memsize is 163840, len=4
D/[BT3.0+HS]PAL( 151):
D/[BT3.0+HS]PAL( 151): BT socket memsize set to 491520
D/[BT3.0+HS]PAL( 151):
D/[BT3.0+HS]PAL( 151): open HAL dev
D/[BT3.0+HS]PAL( 151):
D/[BT3.0+HS]PAL( 151): g_pal_sap_interface.hal_fd socket_make_sockaddr_un ok! ( ) len:21
D/[BT3.0+HS]PAL( 151):
D/[BT3.0+HS]PAL( 151): open timer handler dev
D/[BT3.0+HS]PAL( 151):
D/[BT3.0+HS]PAL( 151): g_pal_sap_interface.timer_fd socket_make_sockaddr_un ok! () len:27
D/[BT3.0+HS]PAL( 151):
D/[BT3.0+HS]PAL( 151): g_pal_sap_interface.inject_fd socket_make_sockaddr_un ok ! () len:28
D/[BT3.0+HS]PAL( 151):
D/[BT3.0+HS]PAL( 151): received error
D/[BT3.0+HS]PAL( 151):
D/[BT3.0+HS]PAL( 151): Unable to get family id, Retry
D/[BT3.0+HS]PAL( 151):
D/[BT3.0+HS]PAL( 151): received error
D/[BT3.0+HS]PAL( 151):
D/[BT3.0+HS]PAL( 151): Unable to get family id, Retry
D/[BT3.0+HS]PAL( 151):
D/[BT3.0+HS]PAL( 151): received error
D/[BT3.0+HS]PAL( 151):
D/[BT3.0+HS]PAL( 151): Unable to get family id, Retry
D/[BT3.0+HS]PAL( 151):
D/[BT3.0+HS]PAL( 151): received error
D/[BT3.0+HS]PAL( 151):
D/[BT3.0+HS]PAL( 151): Unable to get family id, Retry
D/[BT3.0+HS]PAL( 151):
D/[BT3.0+HS]PAL( 151): received error
D/[BT3.0+HS]PAL( 151):
D/[BT3.0+HS]PAL( 151): Unable to get family id, Retry
D/[BT3.0+HS]PAL( 151):
D/[BT3.0+HS]PAL( 151): received error
D/[BT3.0+HS]PAL( 151):
D/[BT3.0+HS]PAL( 151): Unable to get family id, Retry
D/[BT3.0+HS]PAL( 151):
D/[BT3.0+HS]PAL( 151): received error
D/[BT3.0+HS]PAL( 151):
D/[BT3.0+HS]PAL( 151): Unable to get family id, Retry
D/[BT3.0+HS]PAL( 151):
D/[BT3.0+HS]PAL( 151): received error
D/[BT3.0+HS]PAL( 151):
D/[BT3.0+HS]PAL( 151): Unable to get family id, Retry
D/[BT3.0+HS]PAL( 151):
D/[BT3.0+HS]PAL( 151): received error D/[BT3.0+HS]PAL( 151):D/[BT3.0+HS]PAL( 151): Unable to get family id, Retry
D/[BT3.0+HS]PAL( 151):
D/[BT3.0+HS]PAL( 151): received error
D/[BT3.0+HS]PAL( 151):
D/[BT3.0+HS]PAL( 151): Unable to get family id, Retry
D/[BT3.0+HS]PAL( 151):
D/[BT3.0+HS]PAL( 151): Reset Manager Prepare Dummy command
D/[BT3.0+HS]PAL( 151):
D/[BT3.0+HS]PAL( 151): Reset Manager Send Command for binding
D/[BT3.0+HS]PAL( 151):
D/[BT3.0+HS]PAL( 151): pal done begin
D/[BT3.0+HS]PAL( 151):
D/[BT3.0+HS]PAL( 151): == chip_reset_fd is set ==
D/[BT3.0+HS]PAL( 151):
D/[BT3.0+HS]PAL( 151): received error
D/[BT3.0+HS]PAL( 151):
D/Vold ( 120): Check whether nvram restore ready!
I/Netd ( 130): Netd 1.0 starting
W/InterfaceController( 130): Warning (Cannot load library: load_library(linker. cpp:745): library "/system/lib/libnetcmdiface.so" not found) while opening the n et interface command library
D/NVRAM ( 132): [FileOp_RestoreData_All] start !
I/6620_launcher( 121): set property(persist.mtk.wcn.combo.chipid) to 0x6628 suc ceed.
I/6620_launcher( 121): chipIdProp:key(persist.mtk.wcn.combo.chipid)value(0x6628 )
I/6620_launcher( 121): chiId:0x6628
I/6620_launcher( 121): index:1, chipId:0x6628
I/6620_launcher( 121): set chipId(0x6628) to HIF-SDIO module
D/NVRAM ( 132): ulCheckSun:238425275
D/NVRAM ( 132): iFileSize:34386
D/NVRAM ( 132): FileOp_CheckSum:e3692e9,e3692e9
D/NVRAM ( 132): File_Title_Header iApBootNum(3)
D/NVRAM ( 132): File_Title_Header iApCleanNum(3)
D/NVRAM ( 132): File_Title_Header iMdBootNum(3)
D/NVRAM ( 132): File_Title_Header iMdCleanNum(93)
D/NVRAM ( 132): File_Title_Header iMdImpntNum(0)
D/NVRAM ( 132): File_Title_Header iMdCoreNum(0)
D/NVRAM ( 132): File_Title_Header iMdDataNum(0)
D/NVRAM ( 132): File_Title_Header iMd2BootNum(0)
D/NVRAM ( 132): File_Title_Header iMd2CleanNum(0)
D/NVRAM ( 132): File_Title_Header iMd2ImpntNum(0)
D/NVRAM ( 132): File_Title_Header iFileBufLen(538)
D/NVRAM ( 132): File_Title_Header BackupFlag(0)
D/NVRAM ( 132): FileOp_RestoreFromFiles APBOOT start !
D/NVRAM ( 132): FileInfo: /data/nvram/APCFG/APRDEB/BT_Addr
D/NVRAM ( 132): FileInfo: startaddr(0) size(20) .
D/agps ( 145): [agps] WARNING: [Main] mtk_agpsd is running ver=0.40
D/MtkAgpsNative( 145): SuplRawLog.bEnable:0
D/MtkAgpsNative( 145): SuplRawLog.szPath:/sdcard
D/MtkAgpsNative( 145): SuplRawLog.szFile:agps_raw.log
D/MtkAgpsNative( 145): SuplSslLog.bEnable:0
D/MtkAgpsNative( 145): SuplSslLog.szPath:/sdcard
D/MtkAgpsNative( 145): SuplSslLog.szFile:agps_ssl.log
I/MtkAgpsNative( 145): Enter up_int_init
I/MtkAgpsNative( 145): Enter mtk_agps_up_init
D/MtkAgpsNative( 145): FS_CreateDir: /data/agps_supl
W/MtkAgpsNative( 145): -> errno(EEXIST) => dir already exists
D/MtkAgpsNative( 145): ############ mtk_agps_up_init --> agps_disable_enalbe_ti mes = 1 ############D/MtkAgpsNative( 145):
I/MtkAgpsNative( 145):
D/MtkAgpsNative( 145):
I/MtkAgpsNative( 145):
D/MtkAgpsNative( 145):
D/MtkAgpsNative( 145):
D/MtkAgpsNative( 145): )
I/MtkAgpsNative( 145):
D/MtkAgpsNative( 145):
D/MtkAgpsNative( 145):
D/MtkAgpsNative( 145): )
I/MtkAgpsNative( 145):
D/MtkAgpsNative( 145): uart_mutex)
D/MtkAgpsNative( 145):
I/MtkAgpsNative( 145):
D/MtkAgpsNative( 145): uart_nmea_mutex)
D/MtkAgpsNative( 145): x)
D/MtkAgpsNative( 145):
D/MtkAgpsNative( 145): mutex)
I/MtkAgpsNative( 145):
D/MtkAgpsNative( 145): history_query)
D/MtkAgpsNative( 145): (gps_history_query) D/MtkAgpsNative( 145):mtk_agps_debug_init() Enter supl_init Enter supl_os_timer_init [????] kal_create_event_group: name(gps_uart) [????] -> idx(0) tbl_event_name() name(gps_uart) [????] -> empty slot found (0) [????] -> kal_create_event_group: idx(0) name(gps_uart [????] kal_create_mutex: name(gps_uart_mutex) [????] -> idx(0) tbl_mtx_name() name(gps_uart_mutex) [????] -> empty slot found (0) [????] -> kal_create_mutex: idx(0) name(gps_uart_mutex [????] kal_create_mutex: name(gps_uart_mutex) [????] -> idx(0) tbl_mtx_name(gps_uart_mutex) name(gps_ [????] -> already exist!! idx(0) name(gps_uart_mutex) [????] kal_create_mutex: name(gps_uart_nmea_mutex) [????] -> idx(0) tbl_mtx_name(gps_uart_mutex) name(gps_ [????] -> idx(1) tbl_mtx_name() name(gps_uart_nmea_mute [????] [????] -> empty slot found (1) -> kal_create_mutex: idx(1) name(gps_uart_nmea_[????] kal_create_mutex: name(gps_history_query) [????] -> idx(0) tbl_mtx_name(gps_uart_mutex) name(gps_ [????] -> idx(1) tbl_mtx_name(gps_uart_nmea_mutex) name [????] -> idx(2) tbl_mtx_name() name(gps_history_query)D/MtkAgpsNative( 145): [????] -> empty slot found (2)
D/MtkAgpsNative( 145): [????] -> kal_create_mutex: idx(2) name(gps_history_qu ery)
I/MtkAgpsNative( 145): [????] kal_create_mutex: name(tls_global)
D/MtkAgpsNative( 145): [????] -> idx(0) tbl_mtx_name(gps_uart_mutex) name(tls_ global)
D/MtkAgpsNative( 145): [????] -> idx(1) tbl_mtx_name(gps_uart_nmea_mutex) name (tls_global)
D/MtkAgpsNative( 145): [????] -> idx(2) tbl_mtx_name(gps_history_query) name(t ls_global)
D/MtkAgpsNative( 145): [????] -> idx(3) tbl_mtx_name() name(tls_global)
D/MtkAgpsNative( 145): [????] -> empty slot found (3)
D/MtkAgpsNative( 145): [????] -> kal_create_mutex: idx(3) name(tls_global)
D/MtkAgpsNative( 145): ################## Cell_info_type = 2G ################# ##
I/MtkAgpsNative( 145): -> update supl_p: mcc(0) mnc(0) lac(0) cid(0) statu s(2)
D/MtkAgpsNative( 145): ## entering agps_supl_task(0x410f57d8)
D/MtkAgpsNative( 145): -> socket [SUPL] fd(7) create ok
I/MtkAgpsNative( 145): -> socket [SUPL] fd(7) bind ok
D/MtkAgpsNative( 145): ## entering agps_mmi_task(0x410f58d8)
D/MtkAgpsNative( 145): -> socket [MMI ] fd(10) create ok
I/MtkAgpsNative( 145): -> socket [MMI ] fd(10) bind ok
D/MtkAgpsNative( 145): mtk_agps_init: pthread_create ok (410f57d8) (410f5818) ( 410f5858) (410f5898) (410f58d8) (410f5918) (410f5958)
I/MtkAgpsNative( 145): [CDMA mgr] cdma_mgr_dlopen_firmware
D/MtkAgpsNative( 145): ## entering agps_tls_task(0x410f5958)
D/MtkAgpsNative( 145): -> socket [TLS] fd(11) create okE/MtkAgpsNative( 145): [CDMA mgr] VIAMTKDBG Could not open /system/lib/libviagp srpc.so
I/MtkAgpsNative( 145): -> socket [TLS] fd(11) bind ok
D/agps ( 145): [agps][n][Main] emulator_mode=0 (0:off, 1:AutoTest_V1, 2:Auto Test_V2)
D/agps ( 145): [agps][SESSION] session_init max_session=5
D/MtkAgpsNative( 145): ## entering agps_ulcs_task(0x410f5858)
D/MtkAgpsNative( 145): ## leaving agps_ulvs_task(0x410f5858)
D/MtkAgpsNative( 145): ## entering agps_rrlp_task(0x410f5818)
D/MtkAgpsNative( 145): -> socket [RRLP] fd(12) create ok
D/MtkAgpsNative( 145): ## entering agps_soc_task(0x410f5918)
D/MtkAgpsNative( 145): -> socket [SOC ] fd(13) create ok
I/MtkAgpsNative( 145): -> socket [RRLP] fd(12) bind ok
I/MtkAgpsNative( 145): -> socket [SOC ] fd(13) bind ok
D/MtkAgpsNative( 145): registering fd(13) for polling idx(0)
D/MtkAgpsNative( 145): ## entering agps_gps_task(0x410f5898)
D/MtkAgpsNative( 145): registered fd cnt(1)
D/MtkAgpsNative( 145): idx(0) fd(13)
D/MtkAgpsNative( 145): -> socket [GPS ] fd(14) create ok
I/MtkAgpsNative( 145): -> socket [GPS ] fd(14) bind ok
D/agps ( 145): [agps][n][CPMgr] is running
D/agps ( 145): [agps][n][AGPS] is running
D/agps ( 145): [agps][n][L4C] [agps] open /dev/ccci_ipc_1220_0 success
E/agps ( 145): [agps] ERR: [GpsTask] uart_init2 open failure reason=[No such file or directory]
D/agps ( 145): [agps][n][Frame] frame_snd_color_str client fd is not ready
E/agps ( 145): [agps] ERR: [CPMgr] g_gpstask_fd2 failure
D/agps ( 145): [agps][n][Frame] frame_snd_color_str client fd is not ready
E/agps ( 145): [agps] ERR: [L4C] [agps] open /dev/ccci2_ipc_0 failure reason =[No such file or directory]
D/agps ( 145): [agps][n][Frame] frame_snd_color_str client fd is not ready
E/agps ( 145): [agps] ERR: [CPMgr] g_l4c_fd2 failure
D/agps ( 145): [agps][n][Frame] frame_snd_color_str client fd is not ready
D/agps ( 145): [agps][n][CPMgr] before poll...
D/agps ( 145): [agps][n][AGPS] before poll...
I/6620_launcher( 121): Info:key:mt6620.defAnt value:mt6620_ant_m3.cfg
I/6620_launcher( 121): Info:key:mt6628.defAnt value:mt6628_ant_m1.cfg
I/6620_launcher( 121): NULL is returned, eighter EOF or error maybe found
I/6620_launcher( 121): close /system/etc/firmware/WMT.cfg succeed
I/6620_launcher( 121): index:1, chipId:0x6628
I/6620_launcher( 121): STP Mode is not set, fetching default mode...
I/6620_launcher( 121): chipId(0x6628), default Mode(1), strlen(gWmtCfgName)(39) , wmtCfgFile(/system/etc/firmware//mt6628_ant_m1.cfg)
I/6620_launcher( 121): HifConfig:0x0001, wmtCfgFile:/system/etc/firmware//mt662 8_ant_m1.cfg
I/6620_launcher( 121): key:(ro.build.type)-value:(user)
I/6620_launcher( 121): MCU patch folder path: /system/etc/firmware/
I/6620_launcher( 121): Common Interface: UART mode
I/6620_launcher( 121): MCU patch folder path: /system/etc/firmware/
I/6620_launcher( 121): Common Interface: UART mode
I/6620_launcher( 121): uart name ttyMT2
D/Netdiag ( 131): setgid SHELL successfully!
D/Netdiag ( 131): setuid SHELL successfully!
E/Netdiag ( 131): network_dignose_daemon doing
E/Netdiag ( 131): commandlistening sockname=netdiag
E/Netdiag ( 131): commandlistening::startlistening() ret:0,sock_listen_id:9
E/Netdiag ( 131): commandlistening threadStart doing
E/Netdiag ( 131): commandlistening runListener doing
D/Netdiag ( 131): Set net log running flag to 0 at the very beginning
E/Netdiag ( 131): commandlistening unlock exitD/NVRAM ( 132): FileInfo: /data/nvram/APCFG/APRDEB/WIFI
D/NVRAM ( 132): FileInfo: startaddr(20) size(202) .
D/NVRAM ( 132): FileInfo: /data/nvram/APCFG/APRDEB/WIFI_CUSTOM
D/NVRAM ( 132): FileInfo: startaddr(222) size(6) .
D/NVRAM ( 132): File_Title_Header iApBootNum(3)
D/NVRAM ( 132): File_Title_Header iApCleanNum(3)
D/NVRAM ( 132): File_Title_Header iMdBootNum(3)
D/NVRAM ( 132): File_Title_Header iMdCleanNum(93)
D/NVRAM ( 132): File_Title_Header iMdImpntNum(0)
D/NVRAM ( 132): File_Title_Header iMdCoreNum(0)
D/NVRAM ( 132): File_Title_Header iMdDataNum(0)
D/NVRAM ( 132): File_Title_Header iMd2BootNum(0)
D/NVRAM ( 132): File_Title_Header iMd2CleanNum(0)
D/NVRAM ( 132): File_Title_Header iMd2ImpntNum(0)
D/NVRAM ( 132): File_Title_Header iFileBufLen(538)
D/NVRAM ( 132): File_Title_Header BackupFlag(0)
D/NVRAM ( 132): FileOp_RestoreFromFiles APCLN start !
D/NVRAM ( 132): FileInfo: /data/nvram/APCFG/APRDCL/AUXADC
D/NVRAM ( 132): FileInfo: startaddr(228) size(4e) .
D/MobileLogD/cache( 127): write 6 config item to file
D/NVRAM ( 132): FileInfo: /data/nvram/APCFG/APRDCL/FILE_VER
E/MobileLogD/cache( 127): cant get true log path through property
D/NVRAM ( 132): FileInfo: startaddr(276) size(d02) .
E/MobileLogD/cache( 127): true path is /mnt/sdcard
D/MobileLogD( 127): create local socket server success
D/NVRAM ( 132): FileInfo: /data/nvram/APCFG/APRDCL/HWMON_ACC
D/NVRAM ( 132): FileInfo: startaddr(f78) size(e) .
D/wlanLoader( 147): checkSupport 0x6628
D/wlanLoader( 147): Match 0x6628
D/wlanLoader( 147): Get the correct chip version mt6628
D/wlanLoader( 147): Get chip Version mt6628.
D/wlanLoader( 147): DRIVER_MODULE_PATH is /system/lib/modules/wlan_mt6628.ko
D/NVRAM ( 132): File_Title_Header iApBootNum(3)
D/NVRAM ( 132): File_Title_Header iApCleanNum(3)
D/NVRAM ( 132): File_Title_Header iMdBootNum(3)
D/NVRAM ( 132): File_Title_Header iMdCleanNum(93)
D/NVRAM ( 132): File_Title_Header iMdImpntNum(0)
D/NVRAM ( 132): File_Title_Header iMdCoreNum(0)
D/NVRAM ( 132): File_Title_Header iMdDataNum(0)
D/NVRAM ( 132): File_Title_Header iMd2BootNum(0)
D/NVRAM ( 132): File_Title_Header iMd2CleanNum(0)
D/NVRAM ( 132): File_Title_Header iMd2ImpntNum(0)
D/NVRAM ( 132): File_Title_Header iFileBufLen(538)
D/NVRAM ( 132): File_Title_Header BackupFlag(0)
D/NVRAM ( 132): FileOp_RestoreFromFiles MDBOOT start !
D/NVRAM ( 132): FileInfo: /data/nvram/md/NVRAM/NVD_IMEI/MP0B_001
D/NVRAM ( 132): FileInfo: startaddr(f86) size(78) .
D/NVRAM ( 132): FileInfo: /data/nvram/md/NVRAM/NVD_IMEI/ST6TA001
D/NVRAM ( 132): FileInfo: startaddr(ffe) size(19c) .
E/Hald ( 136): received error
E/Hald ( 136): Unable to get family id, Retry
D/NVRAM ( 132): FileInfo: /data/nvram/md/NVRAM/NVD_IMEI/ST6TB001
D/NVRAM ( 132): FileInfo: startaddr(119a) size(19c) .
D/NVRAM ( 132): File_Title_Header iApBootNum(3)
D/NVRAM ( 132): File_Title_Header iApCleanNum(3)
D/NVRAM ( 132): File_Title_Header iMdBootNum(3)
D/NVRAM ( 132): File_Title_Header iMdCleanNum(93)
D/NVRAM ( 132): File_Title_Header iMdImpntNum(0)
D/NVRAM ( 132): File_Title_Header iMdCoreNum(0)
D/NVRAM ( 132): File_Title_Header iMdDataNum(0)D/NVRAM ( 132): File_Title_Header iMd2BootNum(0)
D/NVRAM ( 132): File_Title_Header iMd2CleanNum(0)
D/NVRAM ( 132): File_Title_Header iMd2ImpntNum(0)
D/NVRAM ( 132): File_Title_Header iFileBufLen(538)
D/NVRAM ( 132): File_Title_Header BackupFlag(0)
D/NVRAM ( 132): FileOp_RestoreFromFiles MDCLN start !
D/NVRAM ( 132): FileInfo: /data/nvram/md/NVRAM/CALIBRAT/MT05_002
D/NVRAM ( 132): FileInfo: startaddr(1336) size(106) .
D/NVRAM ( 132): FileInfo: /data/nvram/md/NVRAM/CALIBRAT/MT06_002
D/NVRAM ( 132): FileInfo: startaddr(143c) size(29a) .
D/NVRAM ( 132): FileInfo: /data/nvram/md/NVRAM/CALIBRAT/MT07_002
D/NVRAM ( 132): FileInfo: startaddr(16d6) size(29a) .
D/NVRAM ( 132): FileInfo: /data/nvram/md/NVRAM/CALIBRAT/MT08_002
D/NVRAM ( 132): FileInfo: startaddr(1970) size(29a) .
D/NVRAM ( 132): FileInfo: /data/nvram/md/NVRAM/CALIBRAT/MT09_002
D/NVRAM ( 132): FileInfo: startaddr(1c0a) size(29a) .
D/NVRAM ( 132): FileInfo: /data/nvram/md/NVRAM/CALIBRAT/MT0A_002
D/NVRAM ( 132): FileInfo: startaddr(1ea4) size(29a) .
D/NVRAM ( 132): FileInfo: /data/nvram/md/NVRAM/CALIBRAT/MT0B_002
D/NVRAM ( 132): FileInfo: startaddr(213e) size(29a) .
D/NVRAM ( 132): FileInfo: /data/nvram/md/NVRAM/CALIBRAT/MT0C_002
D/NVRAM ( 132): FileInfo: startaddr(23d8) size(29a) .
D/NVRAM ( 132): FileInfo: /data/nvram/md/NVRAM/CALIBRAT/MT0D_002
D/NVRAM ( 132): FileInfo: startaddr(2672) size(29a) .
D/NVRAM ( 132): FileInfo: /data/nvram/md/NVRAM/CALIBRAT/MT0E_002
D/NVRAM ( 132): FileInfo: startaddr(290c) size(42) .
D/NVRAM ( 132): FileInfo: /data/nvram/md/NVRAM/CALIBRAT/MT0F_002
D/NVRAM ( 132): FileInfo: startaddr(294e) size(42) .
D/NVRAM ( 132): FileInfo: /data/nvram/md/NVRAM/CALIBRAT/MT0G_002
D/NVRAM ( 132): FileInfo: startaddr(2990) size(42) .
D/NVRAM ( 132): FileInfo: /data/nvram/md/NVRAM/CALIBRAT/MT0H_002
D/NVRAM ( 132): FileInfo: startaddr(29d2) size(42) .
D/NVRAM ( 132): FileInfo: /data/nvram/md/NVRAM/CALIBRAT/MT0I_002
D/NVRAM ( 132): FileInfo: startaddr(2a14) size(a) .
D/NVRAM ( 132): FileInfo: /data/nvram/md/NVRAM/CALIBRAT/MT0J_004
D/NVRAM ( 132): FileInfo: startaddr(2a1e) size(2e) .
D/NVRAM ( 132): FileInfo: /data/nvram/md/NVRAM/CALIBRAT/MT0K_006
D/NVRAM ( 132): FileInfo: startaddr(2a4c) size(1d2) .
D/NVRAM ( 132): FileInfo: /data/nvram/md/NVRAM/CALIBRAT/MT0L_002
D/NVRAM ( 132): FileInfo: startaddr(2c1e) size(12) .
D/NVRAM ( 132): FileInfo: /data/nvram/md/NVRAM/CALIBRAT/MT0M_002
D/NVRAM ( 132): FileInfo: startaddr(2c30) size(12) .
D/NVRAM ( 132): FileInfo: /data/nvram/md/NVRAM/CALIBRAT/MT0N_002
D/NVRAM ( 132): FileInfo: startaddr(2c42) size(12) .
D/NVRAM ( 132): FileInfo: /data/nvram/md/NVRAM/CALIBRAT/MT0O_002
D/NVRAM ( 132): FileInfo: startaddr(2c54) size(12) .
D/NVRAM ( 132): FileInfo: /data/nvram/md/NVRAM/CALIBRAT/MT0P_003
D/NVRAM ( 132): FileInfo: startaddr(2c66) size(22) .
D/NVRAM ( 132): FileInfo: /data/nvram/md/NVRAM/CALIBRAT/MT0Q_002
D/NVRAM ( 132): FileInfo: startaddr(2c88) size(6) .
D/NVRAM ( 132): FileInfo: /data/nvram/md/NVRAM/CALIBRAT/MT0R_000
D/NVRAM ( 132): FileInfo: startaddr(2c8e) size(16) .
D/MDnsDS ( 130): MDnsSdListener::Hander starting up
D/MDnsDS ( 130): MDnsSdListener starting to monitor
D/MDnsDS ( 130): Going to poll with pollCount 1
D/NVRAM ( 132): FileInfo: /data/nvram/md/NVRAM/CALIBRAT/MT0S_000
D/NVRAM ( 132): FileInfo: startaddr(2ca4) size(16) .
D/[BT3.0+HS]PAL( 151): == chip_reset_fd is set ==
E/stp_dump( 146): table == NULL || table->table == NULL D/[BT3.0+HS]PAL( 151):E/stp_dump( 146): table == NULL || table->table == NULL
D/[BT3.0+HS]PAL( 151): Recv Netlink Packet [68:00000010:00:0:0] [1:MTK_WIFI]
D/[BT3.0+HS]PAL( 151):
D/[BT3.0+HS]PAL( 151): Unknown command from wifi driver
D/[BT3.0+HS]PAL( 151):
D/wlanLoader( 147): Success to insmod the /system/lib/modules/wlan_mt6628.ko
D/NVRAM ( 132): FileInfo: /data/nvram/md/NVRAM/CALIBRAT/MT0T_000
D/NVRAM ( 132): FileInfo: startaddr(2cba) size(f6) .
D/NVRAM ( 132): FileInfo: /data/nvram/md/NVRAM/CALIBRAT/MT0U_000
D/NVRAM ( 132): FileInfo: startaddr(2db0) size(f6) . I/DrmManagerService(Native)( 137): try register drm server to Service Manager.
D/NVRAM ( 132): FileInfo: /data/nvram/md/NVRAM/CALIBRAT/MT0V_000
D/NVRAM ( 132): FileInfo: startaddr(2ea6) size(84) .
I/IspDrv ( 134): {IspDrv} [IspDrvImp] getpid[0x00000086],gettid[0x00000086]
D/ADB_SERVICES( 176): recv: CNXN 01000000 00001000 0007 host::
D/ADB_SERVICES( 176): adb: online
D/ADB_SERVICES( 176): Calling send_connect
D/NVRAM ( 132): FileInfo: /data/nvram/md/NVRAM/CALIBRAT/MT1V_000
D/NVRAM ( 132): FileInfo: startaddr(2f2a) size(6) .
D/Hald ( 136): [MTK_WIFI] family id = 20
D/Hald ( 136): Reset Manager Prepare Dummy command
D/Hald ( 136): Reset Manager Send Command for binding
D/Hald ( 136): Start ResetManager
D/Hald ( 136): Recv Netlink Packet [112:00000010:00:0:136] [1:MTK_WIFI]
D/Hald ( 136): Unknown command, Skip it!
D/NVRAM ( 132): FileInfo: /data/nvram/md/NVRAM/CALIBRAT/UL10_000
D/NVRAM ( 132): FileInfo: startaddr(2f30) size(12) .
I/IspDrv ( 138): {IspDrv} [IspDrvImp] getpid[0x0000008a],gettid[0x0000008a]
D/NVRAM ( 132): FileInfo: /data/nvram/md/NVRAM/CALIBRAT/UL11_000
D/NVRAM ( 132): FileInfo: startaddr(2f42) size(2d2) .
I/ ( 134): [int main(int, char**)] set surfaceflinger is in root user, a djust caps for its thread
I/SurfaceFlinger( 134): SurfaceFlinger is starting
I/SurfaceFlinger( 134): [void android::SurfaceFlinger::setMTKProperties(android ::String8&)]
I/SurfaceFlinger( 134): ======================================================= =================
I/SurfaceFlinger( 134): [AOSP part]
I/SurfaceFlinger( 134): debug.sf.showupdates (mDebugRegion): 0
I/SurfaceFlinger( 134): debug.sf.ddms (mDebugDDMS): 0
I/SurfaceFlinger( 134): [MTK SF part]
I/SurfaceFlinger( 134): debug.sf.busyswap (mBusySwap): 0
I/SurfaceFlinger( 134): debug.sf.log_repaint (mLogRepaint): 0
I/SurfaceFlinger( 134): debug.sf.log_buffer (mLogBuffer): 0
I/SurfaceFlinger( 134): debug.sf.line_g3d (mLineG3D): 0
I/SurfaceFlinger( 134): debug.sf.line_ss (mLineScreenShot): 0
I/SurfaceFlinger( 134): debug.sf.dump_ss (mDumpScreenShot): 0
I/SurfaceFlinger( 134): debug.sf.slowmotion (mDelayTime): 0
I/SurfaceFlinger( 134): debug.sf.contbufsenable (mContBufsDump): 0
I/SurfaceFlinger( 134): [MTK GUI part]
I/SurfaceFlinger( 134): debug.bq.line: 0
I/SurfaceFlinger( 134): debug.st.line: 0
I/SurfaceFlinger( 134): [MTK HWC part]
I/SurfaceFlinger( 134): debug.sf.line_ovl: 0
I/SurfaceFlinger( 134): debug.sf.debug_oex: 0
I/SurfaceFlinger( 134): ======================================================= =================
I/SurfaceFlinger( 134):
I/SurfaceFlinger( 134): SurfaceFlinger's main thread ready to run. Initializing graphics H/W...D/NVRAM ( 132): FileInfo: /data/nvram/md/NVRAM/CALIBRAT/UL12_000
D/NVRAM ( 132): FileInfo: startaddr(3214) size(2d2) .
I/mediaserver( 138): ServiceManager: 0x4126bf90
I/AudioFlinger( 138): Using default 3000 mSec as standby time.
D/MediaPlayerService( 138): MediaPlayerService created
V/MemoryDumper( 138): Instantiate memory dumper service...
V/MemoryDumper( 138): MemoryDumper created, dump file=/sdcard/memstatus_138
I/CameraService( 138): CameraService started (pid=138)
D/ae_mgr ( 138): [AeMgr]
D/MtkATV/State( 138): (StatePreCapture)[StatePreCapture] +
D/MtkATV/State( 138): (StateCapturePreview)[StateCapturePreview]
D/MtkCam/module( 138): [instantiate_camera_module]
D/MtkCam/MtkCamUtils( 138): [CamPropertyMap::clear] pid/tid=138/138
D/MtkCam/MtkCamUtils( 138): [CamDevMetaInfoMap::clear] pid/tid=138/138
D/SensorHal( 138): [getInstance][SensorHalImp] getInstance
D/SensorHal( 138): [createImp][createImp]: 0
D/SeninfDrvImp( 138): [getInstance][getInstance]
D/SeninfDrvImp( 138): [SeninfDrvImp][SeninfDrvImp]
D/SeninfDrvImp( 138): [init][init]: Entry count 0
I/IspDrv ( 138): {IspDrv} [createInstance] fgIsGdmaMode: 0.
I/IspDrv ( 138): {IspDrv} [getInstance] singleton[0x40defcac]. fgIsGdmaMode: 0 .
I/IspDrv ( 138): {IspDrv} [init] - E. mInitCount(0). m_fgIsGdmaMode: 0.
I/IspDrv ( 138): {IspDrv} [ProfilingPrint] [Event_IspDrv_Init] mpIspDrvRegMap malloc:(0-th) ===> [start-->now: 0.046000 ms]
I/IspDrv ( 138): {IspDrv} [ProfilingPrint] [Event_IspDrv_Init] 1st open(ISP_DR V_DEV_NAME, O_RDWR):(1-th) ===> [start-->now: 0.163000 ms] [last-->now: 0.117000 ms]
I/IspDrv ( 138): {IspDrv} [ProfilingPrint] [Event_IspDrv_Init] mpIspHwRegAddr mmap():(2-th) ===> [start-->now: 0.205000 ms] [last-->now: 0.042000 ms]
I/IspDrv ( 138): {IspDrv} [ProfilingPrint] [Event_IspDrv_Init] m_pRTBufTbl mma p():(3-th) ===> [start-->now: 0.242000 ms] [last-->now: 0.037000 ms]
I/IspDrv ( 138): {IspDrv} [reset] ISP SW RESET[0x0000000e]
I/IspDrv ( 138): {IspDrv} [init] ISP Global Count: 1.
I/IspDrv ( 138): {IspDrv} [ProfilingPrint] [Event_IspDrv_Init] kRefCntCtrl and ISP reset():(4-th) ===> [start-->now: 0.419000 ms] [last-->now: 0.177000 ms]
I/Drv/IMem( 138): Drv/IMem[IMemDrvImp] getpid[0x0000008a],gettid[0x0000008a]
I/Drv/IMem( 138): Drv/IMem[getInstance] singleton[0x40df0578],getpid[0x0000008a ],gettid[0x0000008a]
I/IspDrv ( 138): {IspDrv} [ProfilingPrint] [Event_IspDrv_Init] IMemDrv::create Instance():(5-th) ===> [start-->now: 0.504000 ms] [last-->now: 0.085000 ms]
I/Drv/IMem( 138): Drv/IMem[init] open ion id(17).
I/IspDrv ( 138): {IspDrv} [ProfilingPrint] [Event_IspDrv_Init] m_pIMemDrv->ini t():(6-th) ===> [start-->now: 0.755000 ms] [last-->now: 0.251000 ms]
I/IspDrv ( 138): {IspDrv} [init] m_ispVirRegBufInfo.size: 794628.
I/IspDrv ( 138): {IspDrv} [ProfilingPrint] [Event_IspDrv_Init] m_pIMemDrv->all ocVirtBuf(m_ispVirRegBufInfo):(7-th) ===> [start-->now: 2.097000 ms] [last-->now : 1.342000 ms]
I/Drv/IMem( 138): Drv/IMem[mapPhyAddr] mID(0x12),size(0xc2004),VA(x41f9f000),PA (0x980000),S/C(0/0)
I/IspDrv ( 138): {IspDrv} [ProfilingPrint] [Event_IspDrv_Init] m_pIMemDrv->map PhyAddr():(8-th) ===> [start-->now: 2.253000 ms] [last-->now: 0.156000 ms]
I/IspDrv ( 138): {IspDrv} [ProfilingPrint] [Event_IspDrv_Init] memset(mpIspVir RegBuffer):(9-th) ===> [start-->now: 3.328000 ms] [last-->now: 1.075000 ms]
I/IspDrv ( 138): {IspDrv} [ProfilingPrint] [Event_IspDrv_Init] m_pIMemDrv->all ocVirtBuf(m_ispCQDescBufInfo):(10-th) ===> [start-->now: 3.387000 ms] [last-->no w: 0.059000 ms]
I/Drv/IMem( 138): Drv/IMem[mapPhyAddr] mID(0x13),size(0xb78),VA(x42062000),PA(0 xa80000),S/C(0/0)
I/IspDrv ( 138): {IspDrv} [ProfilingPrint] [Event_IspDrv_Init] m_pIMemDrv->mapPhyAddr(m_ispCQDescBufInfo):(11-th) ===> [start-->now: 3.484000 ms] [last-->now: 0.097000 ms]
I/IspDrv ( 138): {IspDrv} [ProfilingPrint] [Event_IspDrv_Init] memcpy(mpIspCQD escriptorVirt[i]):(12-th) ===> [start-->now: 3.506000 ms] [last-->now: 0.022000 ms]
I/IspDrv ( 138): {IspDrv} [ProfilingPrint] [Event_IspDrv_Init] memset(mpIspCQD escriptorVirt[CQ0C]):(13-th) ===> [start-->now: 3.520000 ms] [last-->now: 0.0140 00 ms]
I/IspDrv ( 138): {IspDrv} [ProfilingPrint] [Event_IspDrv_Init] memset(tdriMgrI nfoCq1):(14-th) ===> [start-->now: 3.534000 ms] [last-->now: 0.014000 ms]
I/IspDrv ( 138): {IspDrv} [ProfilingPrint] [Event_IspDrv_Init] memset(tdriMgrI nfoCq2):(15-th) ===> [start-->now: 3.547000 ms] [last-->now: 0.013000 ms]
I/IspDrv ( 138): {IspDrv} [ProfilingPrint] [Event_IspDrv_Init] atomic_inc:(16th) ===> [start-->now: 3.560000 ms] [last-->now: 0.013000 ms]
I/IspDrv ( 138): {IspDrv} [init] - X. ret: 1. mInitCount: 1.
I/IspDrv ( 138): {IspDrv} [ProfilingPrint] [Event_IspDrv_Init] Exit:(17-th) == => [start-->now: 3.577000 ms] [last-->now: 0.017000 ms]
D/SeninfDrvImp( 138): [init]Get Devinfo Data:0x0
D/SeninfDrvImp( 138): [init]Get Devinfo Data:0x0
D/SeninfDrvImp( 138): [init][init]: Exit count 1
D/SeninfDrvImp( 138): [setTg1PhaseCounter][setTg1PhaseCounter] pcEn(1) clkPol(1 )
D/SeninfDrvImp( 138): [setTg2PhaseCounter][setTg2PhaseCounter]
D/ImgSensorDrv( 138): [getInstance][ImgSensorDrv] getInstance
E/ ( 138): [Agold][Eric]:hal:constructSensorList
E/ ( 138): [Agold][Eric]:[ov8825_mipi_raw] [s5k3h2_mipi_raw] [hi253_yuv]
E/ ( 138): [Agold][Eric]:[hi253_yuv] [s5k3h2_mipi_raw] [hi253_yuv]
E/ ( 138): [Agold][Eric]:[s5k3h2_mipi_raw] [s5k3h2_mipi_raw] [hi253_yuv]
D/ImgSensorDrv( 138): [impSearchSensor]SENSOR search start
D/ImgSensorDrv( 138): [impSearchSensor]impSearchSensor search to sub
D/ImgSensorDrv( 138): [impSearchSensor]set sensor driver id =10000
D/libEGL ( 134): loaded /vendor/lib/egl/libEGL_mtk.so
D/NVRAM ( 132): FileInfo: /data/nvram/md/NVRAM/CALIBRAT/UL13_000
D/NVRAM ( 132): FileInfo: startaddr(34e6) size(2d2) .
D/NVRAM ( 132): FileInfo: /data/nvram/md/NVRAM/CALIBRAT/UL14_000
D/NVRAM ( 132): FileInfo: startaddr(37b8) size(2d2) .
I/Netd ( 503): Netd 1.0 starting
W/InterfaceController( 503): Warning (Cannot load library: load_library(linker. cpp:745): library "/system/lib/libnetcmdiface.so" not found) while opening the n et interface command library
D/NVRAM ( 132): FileInfo: /data/nvram/md/NVRAM/CALIBRAT/UL15_000
D/NVRAM ( 132): FileInfo: startaddr(3a8a) size(2d2) .
D/libEGL ( 134): loaded /vendor/lib/egl/libGLESv1_CM_mtk.so
D/NVRAM ( 132): FileInfo: /data/nvram/md/NVRAM/CALIBRAT/UL16_000
D/NVRAM ( 132): FileInfo: startaddr(3d5c) size(2d2) .
D/libEGL ( 134): loaded /vendor/lib/egl/libGLESv2_mtk.so
W/ADB_SERVICES( 176): create_local_service_socket() name=shell:export ANDROID_L OG_TAGS="" ; exec logcat
W/ADB_SERVICES( 522): adb: unable to open /proc/522/oom_adj
D/NVRAM ( 132): FileInfo: /data/nvram/md/NVRAM/CALIBRAT/UL17_000
D/NVRAM ( 132): FileInfo: startaddr(402e) size(2d2) .
D/NVRAM ( 132): FileInfo: /data/nvram/md/NVRAM/CALIBRAT/UL18_000
D/NVRAM ( 132): FileInfo: startaddr(4300) size(2d2) .
I/ServiceManager( 119): service 'media.audio_flinger' died
I/ServiceManager( 119): service 'media.player' died
I/ServiceManager( 119): service 'memory.dumper' died
D/NVRAM ( 132): FileInfo: /data/nvram/md/NVRAM/CALIBRAT/UL19_000
D/NVRAM ( 132): FileInfo: startaddr(45d2) size(2d2) .
D/NVRAM ( 132): FileInfo: /data/nvram/md/NVRAM/CALIBRAT/UL1A_000
D/NVRAM ( 132): FileInfo: startaddr(48a4) size(2d2) .D/NVRAM ( 132): FileInfo: /data/nvram/md/NVRAM/CALIBRAT/ULB0_000
D/NVRAM ( 132): FileInfo: startaddr(4b76) size(2d2) .
I/hwcomposer_v1.0( 134): [DPY] Display Information:
I/hwcomposer_v1.0( 134): [DPY] # fo devices : 1
I/hwcomposer_v1.0( 134): [DPY] ---------------------I/hwcomposer_v1.0( 134): [DPY] Device id : 0
I/hwcomposer_v1.0( 134): [DPY] Width : 720
I/hwcomposer_v1.0( 134): [DPY] Height : 1280
I/hwcomposer_v1.0( 134): [DPY] xdpi : 320.000000
I/hwcomposer_v1.0( 134): [DPY] ydpi : 320.000000
I/hwcomposer_v1.0( 134): [DPY] vsync : 1
I/hwcomposer_v1.0( 134): [DPY] refresh : 17094017
I/hwcomposer_v1.0( 134): [DPY] connected : 1
W/hwcomposer_v1.0( 134): [EVENT] HW VSync State(1)
I/hwcomposer_v1.0( 134): [EVENT] Set priority to RR: 268435543
I/hwcomposer_v1.0( 134): [WKR] Set priority to RR: 268435543
I/SurfaceFlinger( 134): Using composer version 1.0
I/hwcomposer_v1.0( 134): [WKR] Set priority to RR: 268435543
W/SurfaceFlinger( 134): no suitable EGLConfig found, trying without EGL_FRAMEBU FFER_TARGET_ANDROID
I/BufferQueue( 134): [unnamed-134-0](this:0x41e25008,api:0) BufferQueue
I/BufferQueue( 134): [unnamed-134-0](this:0x41e25008,api:0) consumerConnect
I/BufferQueue( 134): [unnamed-134-0](this:0x41e25008,api:0) setConsumerName: un named-134-0
I/BufferQueue( 134): [FramebufferSurface](this:0x41e25008,api:0) setConsumerNam e: FramebufferSurface
I/BufferQueue( 134): [FramebufferSurface](this:0x41e25008,api:0) setDefaultBuff erSize: w=720, h=1280
E/Trace ( 134): error opening trace file: No such file or directory (2)
I/BufferQueue( 134): [FramebufferSurface](this:0x41e25008,api:0) setSynchronous Mode: enabled=1
I/BufferQueue( 134): [FramebufferSurface](this:0x41e25008,api:0) connect: api=1
I/BufferQueue( 134): [FramebufferSurface](this:0x41e25008,api:1) setSynchronous Mode: enabled=1
D/NVRAM ( 132): FileInfo: /data/nvram/md/NVRAM/CALIBRAT/ULB1_000
D/NVRAM ( 132): FileInfo: startaddr(4e48) size(2d2) .
I/BufferQueue( 134): [FramebufferSurface](this:0x41e25008,api:1) new GraphicBuf fer needed
D/BufferQueue( 134): [OLD] gb:NULL
I/GraphicBuffer( 134): allocate buffer (w:736 h:1280 f:5) err(0)
I/BufferQueue( 134): [NEW] gb=0x41e2f840, handle=0x412eed08, w=720, h=1280, s=736, fmt=5
I/SurfaceFlinger( 134): EGL informations:
I/SurfaceFlinger( 134): vendor : Android
I/SurfaceFlinger( 134): version : 1.4 Android META-EGL
I/SurfaceFlinger( 134): extensions: EGL_KHR_image EGL_KHR_image_base EGL_KHR_gl _texture_2D_image EGL_KHR_gl_texture_cubemap_image EGL_KHR_gl_renderbuffer_image EGL_KHR_fence_sync EGL_ANDROID_image_native_buffer
I/SurfaceFlinger( 134): Client API: OpenGL_ES
I/SurfaceFlinger( 134): EGLSurface: 8-8-8-8, config=0x2
I/SurfaceFlinger( 134): OpenGL ES informations:
I/SurfaceFlinger( 134): vendor : Imagination Technologies
I/SurfaceFlinger( 134): renderer : PowerVR SGX 544MP
I/SurfaceFlinger( 134): version : OpenGL ES-CM 1.1
I/SurfaceFlinger( 134): extensions: GL_EXT_debug_marker GL_OES_byte_coordinates GL_OES_fixed_point GL_OES_single_precision GL_OES_matrix_get GL_OES_read_format GL_OES_compressed_paletted_texture GL_OES_point_sprite GL_OES_point_size_array GL_OES_matrix_palette GL_OES_draw_texture GL_OES_query_matrix GL_OES_texture_env _crossbar GL_OES_texture_mirrored_repeat GL_OES_texture_cube_map GL_OES_blend_su btract GL_OES_blend_func_separate GL_OES_blend_equation_separate GL_OES_stencil_wrap GL_OES_extended_matrix_palette GL_OES_framebuffer_object GL_OES_rgb8_rgba8 GL_OES_depth24 GL_OES_stencil8 GL_OES_compressed_ETC1_RGB8_texture GL_OES_mapbuf fer GL_OES_EGL_image GL_OES_EGL_image_external GL_EXT_multi_draw_arrays GL_OES_r equired_internalformat GL_IMG_read_format GL_IMG_texture_compression_pvrtc GL_IM G_texture_format_BGRA8888 GL_EXT_texture_format_BGRA8888 GL_OES_egl_sync GL_IMG_ vertex_array_object GL_APPLE_texture_2D_limited_npot
I/SurfaceFlinger( 134): GL_MAX_TEXTURE_SIZE = 4096
I/SurfaceFlinger( 134): GL_MAX_VIEWPORT_DIMS = 4096 x 4096
I/SurfaceFlinger( 134): set priority to RR:268435540
I/SurfaceFlinger( 134): [android::SFWatchDog::SFWatchDog()]
I/SurfaceFlinger( 134): [virtual void android::SFWatchDog::onFirstRef()]
I/SurfaceFlinger( 134): [uint32_t android::SFWatchDog::registerNodeName(char co nst*)] name=SurfaceFlinger, index=0
I/SurfaceFlinger( 134): [virtual android::status_t android::SFWatchDog::readyTo Run()]
I/SurfaceFlinger( 134): EventThread Client Pid (134) created
I/SurfaceFlinger( 134): [bool android::SurfaceFlinger::isEnableBootAnim() const ] boot reason = '0'
I/boot ( 134): mBootAnimationEnabled = 1
I/boot ( 134): BOOTPROF:BootAnimation:Start:5606
D/NVRAM ( 132): FileInfo: /data/nvram/md/NVRAM/CALIBRAT/UL1B_000
D/NVRAM ( 132): FileInfo: startaddr(511a) size(2c6) .
D/SurfaceFlinger( 134): Screen acquired, type=0 flinger=0x40a36510
I/hwcomposer_v1.0( 134): [HWC] Blank(0) Display(0)
D/NVRAM ( 132): FileInfo: /data/nvram/md/NVRAM/CALIBRAT/UL1C_000
D/NVRAM ( 132): FileInfo: startaddr(53e0) size(2c6) .
D/WVMDrmPlugIn( 137): WVMDrmPlugin::onGetSupportInfo : 0
D/NVRAM ( 132): FileInfo: /data/nvram/md/NVRAM/CALIBRAT/UL1D_000
D/NVRAM ( 132): FileInfo: startaddr(56a6) size(2c6) .
I/IspDrv ( 502): {IspDrv} [IspDrvImp] getpid[0x000001f6],gettid[0x000001f6]
I/mediaserver( 502): ServiceManager: 0x41433218
I/AudioFlinger( 502): Using default 3000 mSec as standby time.
D/MediaPlayerService( 502): MediaPlayerService created
V/MemoryDumper( 502): Instantiate memory dumper service...
V/MemoryDumper( 502): MemoryDumper created, dump file=/sdcard/memstatus_502
I/CameraService( 502): CameraService started (pid=502)
D/NVRAM ( 132): FileInfo: /data/nvram/md/NVRAM/CALIBRAT/UL1E_000
D/NVRAM ( 132): FileInfo: startaddr(596c) size(2c6) .
D/NVRAM ( 132): FileInfo: /data/nvram/md/NVRAM/CALIBRAT/UL1F_000
D/NVRAM ( 132): FileInfo: startaddr(5c32) size(2c6) .
D/NVRAM ( 132): FileInfo: /data/nvram/md/NVRAM/CALIBRAT/UL1G_000
D/NVRAM ( 132): FileInfo: startaddr(5ef8) size(2c6) .
I/hwcomposer_v1.0( 134): [HWC] Change External Display orientation (128 -> 0)
D/NVRAM ( 132): FileInfo: /data/nvram/md/NVRAM/CALIBRAT/UL1H_000
D/NVRAM ( 132): FileInfo: startaddr(61be) size(2c6) .
D/WVMDrmPlugIn( 137): WVMDrmPlugin::onGetSupportInfo : 0
D/NVRAM ( 132): FileInfo: /data/nvram/md/NVRAM/CALIBRAT/UL1I_000
D/NVRAM ( 132): FileInfo: startaddr(6484) size(2c6) .
D/ae_mgr ( 502): [AeMgr]
D/MtkATV/State( 502): (StatePreCapture)[StatePreCapture] +
D/MtkATV/State( 502): (StateCapturePreview)[StateCapturePreview]
D/MtkCam/module( 502): [instantiate_camera_module]
D/MtkCam/MtkCamUtils( 502): [CamPropertyMap::clear] pid/tid=502/502
D/MtkCam/MtkCamUtils( 502): [CamDevMetaInfoMap::clear] pid/tid=502/502
D/SensorHal( 502): [getInstance][SensorHalImp] getInstance
D/SensorHal( 502): [createImp][createImp]: 0
D/SeninfDrvImp( 502): [getInstance][getInstance]
D/SeninfDrvImp( 502): [SeninfDrvImp][SeninfDrvImp]
D/SeninfDrvImp( 502): [init][init]: Entry count 0
I/IspDrv ( 502): {IspDrv} [createInstance] fgIsGdmaMode: 0.I/IspDrv ( 502): {IspDrv} [getInstance] singleton[0x40d9bcac]. fgIsGdmaMode: 0 .
I/IspDrv ( 502): {IspDrv} [init] - E. mInitCount(0). m_fgIsGdmaMode: 0.
I/IspDrv ( 502): {IspDrv} [ProfilingPrint] [Event_IspDrv_Init] mpIspDrvRegMap malloc:(0-th) ===> [start-->now: 0.083000 ms]
I/IspDrv ( 502): {IspDrv} [ProfilingPrint] [Event_IspDrv_Init] 1st open(ISP_DR V_DEV_NAME, O_RDWR):(1-th) ===> [start-->now: 0.475000 ms] [last-->now: 0.392000 ms]
I/IspDrv ( 502): {IspDrv} [ProfilingPrint] [Event_IspDrv_Init] mpIspHwRegAddr mmap():(2-th) ===> [start-->now: 0.543000 ms] [last-->now: 0.068000 ms]
I/IspDrv ( 502): {IspDrv} [ProfilingPrint] [Event_IspDrv_Init] m_pRTBufTbl mma p():(3-th) ===> [start-->now: 0.717000 ms] [last-->now: 0.174000 ms]
I/IspDrv ( 502): {IspDrv} [reset] ISP SW RESET[0x0000000e]
I/IspDrv ( 502): {IspDrv} [init] ISP Global Count: 1.
I/IspDrv ( 502): {IspDrv} [ProfilingPrint] [Event_IspDrv_Init] kRefCntCtrl and ISP reset():(4-th) ===> [start-->now: 0.949000 ms] [last-->now: 0.232000 ms]
I/Drv/IMem( 502): Drv/IMem[IMemDrvImp] getpid[0x000001f6],gettid[0x000001f6]
I/Drv/IMem( 502): Drv/IMem[getInstance] singleton[0x40d9c578],getpid[0x000001f6 ],gettid[0x000001f6]
I/IspDrv ( 502): {IspDrv} [ProfilingPrint] [Event_IspDrv_Init] IMemDrv::create Instance():(5-th) ===> [start-->now: 1.122000 ms] [last-->now: 0.173000 ms]
I/Drv/IMem( 502): Drv/IMem[init] open ion id(17).
I/IspDrv ( 502): {IspDrv} [ProfilingPrint] [Event_IspDrv_Init] m_pIMemDrv->ini t():(6-th) ===> [start-->now: 1.485000 ms] [last-->now: 0.363000 ms]
I/IspDrv ( 502): {IspDrv} [init] m_ispVirRegBufInfo.size: 794628.
D/NVRAM ( 132): FileInfo: /data/nvram/md/NVRAM/CALIBRAT/UL1J_000
D/NVRAM ( 132): FileInfo: startaddr(674a) size(2c6) .
I/IspDrv ( 502): {IspDrv} [ProfilingPrint] [Event_IspDrv_Init] m_pIMemDrv->all ocVirtBuf(m_ispVirRegBufInfo):(7-th) ===> [start-->now: 3.406000 ms] [last-->now : 1.921000 ms]
I/Drv/IMem( 502): Drv/IMem[mapPhyAddr] mID(0x12),size(0xc2004),VA(x41f4b000),PA (0x980000),S/C(0/0)
I/IspDrv ( 502): {IspDrv} [ProfilingPrint] [Event_IspDrv_Init] m_pIMemDrv->map PhyAddr():(8-th) ===> [start-->now: 3.541000 ms] [last-->now: 0.135000 ms]
I/IspDrv ( 502): {IspDrv} [ProfilingPrint] [Event_IspDrv_Init] memset(mpIspVir RegBuffer):(9-th) ===> [start-->now: 4.926000 ms] [last-->now: 1.385000 ms]
I/IspDrv ( 502): {IspDrv} [ProfilingPrint] [Event_IspDrv_Init] m_pIMemDrv->all ocVirtBuf(m_ispCQDescBufInfo):(10-th) ===> [start-->now: 5.018000 ms] [last-->no w: 0.092000 ms]
I/Drv/IMem( 502): Drv/IMem[mapPhyAddr] mID(0x13),size(0xb78),VA(x4200e000),PA(0 xa80000),S/C(0/0)
I/IspDrv ( 502): {IspDrv} [ProfilingPrint] [Event_IspDrv_Init] m_pIMemDrv->map PhyAddr(m_ispCQDescBufInfo):(11-th) ===> [start-->now: 5.313000 ms] [last-->now: 0.295000 ms]
I/IspDrv ( 502): {IspDrv} [ProfilingPrint] [Event_IspDrv_Init] memcpy(mpIspCQD escriptorVirt[i]):(12-th) ===> [start-->now: 5.349000 ms] [last-->now: 0.036000 ms]
I/IspDrv ( 502): {IspDrv} [ProfilingPrint] [Event_IspDrv_Init] memset(mpIspCQD escriptorVirt[CQ0C]):(13-th) ===> [start-->now: 5.364000 ms] [last-->now: 0.0150 00 ms]
I/IspDrv ( 502): {IspDrv} [ProfilingPrint] [Event_IspDrv_Init] memset(tdriMgrI nfoCq1):(14-th) ===> [start-->now: 5.377000 ms] [last-->now: 0.013000 ms]
I/IspDrv ( 502): {IspDrv} [ProfilingPrint] [Event_IspDrv_Init] memset(tdriMgrI nfoCq2):(15-th) ===> [start-->now: 5.396000 ms] [last-->now: 0.019000 ms]
I/IspDrv ( 502): {IspDrv} [ProfilingPrint] [Event_IspDrv_Init] atomic_inc:(16th) ===> [start-->now: 5.415000 ms] [last-->now: 0.019000 ms]
I/IspDrv ( 502): {IspDrv} [init] - X. ret: 1. mInitCount: 1.
I/IspDrv ( 502): {IspDrv} [ProfilingPrint] [Event_IspDrv_Init] Exit:(17-th) == => [start-->now: 5.448000 ms] [last-->now: 0.033000 ms]
D/SeninfDrvImp( 502): [init]Get Devinfo Data:0x0D/SeninfDrvImp( 502): [init]Get Devinfo Data:0x0
D/SeninfDrvImp( 502): [init][init]: Exit count 1
D/SeninfDrvImp( 502): [setTg1PhaseCounter][setTg1PhaseCounter] pcEn(1) clkPol(1 )
D/SeninfDrvImp( 502): [setTg2PhaseCounter][setTg2PhaseCounter]
D/ImgSensorDrv( 502): [getInstance][ImgSensorDrv] getInstance
E/ ( 502): [Agold][Eric]:hal:constructSensorList
E/ ( 502): [Agold][Eric]:[ov8825_mipi_raw] [s5k3h2_mipi_raw] [hi253_yuv]
E/ ( 502): [Agold][Eric]:[hi253_yuv] [s5k3h2_mipi_raw] [hi253_yuv]
E/ ( 502): [Agold][Eric]:[s5k3h2_mipi_raw] [s5k3h2_mipi_raw] [hi253_yuv]
D/ImgSensorDrv( 502): [impSearchSensor]SENSOR search start
D/ImgSensorDrv( 502): [impSearchSensor]impSearchSensor search to sub
D/ImgSensorDrv( 502): [impSearchSensor]set sensor driver id =10000
D/NVRAM ( 132): FileInfo: /data/nvram/md/NVRAM/CALIBRAT/UL1K_000
D/NVRAM ( 132): FileInfo: startaddr(6a10) size(2c6) .
D/NVRAM ( 132): FileInfo: /data/nvram/md/NVRAM/CALIBRAT/ULB2_000
D/NVRAM ( 132): FileInfo: startaddr(6cd6) size(2c6) .
I/IspDrv ( 558): {IspDrv} [IspDrvImp] getpid[0x0000022e],gettid[0x0000022e]
D/BootAnimation( 558): [BootAnimation frameworks/base/cmds/bootanimation/bootan imation_main.cpp main 43]start Apr 2 2013 19:06:11
D/BootAnimation( 558): [BootAnimation main 54]noBootAnimation=0
I/AgoldHwCtrl( 558): *****agoldHwCtrlTest*****
I/AgoldHwCtrl( 558): --fengjun--,**agoldModifiedAdbName**
I/AgoldHwCtrl( 558): --fengjun--,name=0123456789ABCDEFG
I/AgoldHwCtrl( 558): --fengjun--,**agoldModifiedUSBDeviceName**
I/AgoldHwCtrl( 558): --fengjun--,name=
I/AgoldHwCtrl( 558): --fengjun--,ret=0
I/AgoldHwCtrl( 558): ******agoldHwCtrlTest ctrlInfo.serialName=0123456789ABCDEF G
I/AgoldHwCtrl( 558): ******agoldHwCtrlTest ctrlInfo.vibratorVol=1300
I/AgoldHwCtrl( 558): ******agoldHwCtrlTest ctrlInfo.vibratorTime=10
I/AgoldHwCtrl( 558): ******agoldHwCtrlTest ctrlInfo.ledValue=10
I/AgoldHwCtrl( 558): ******agoldHwCtrlTest end*******
D/BootAnimation( 558): [BootAnimation main 85]setBoot=1,sePaly=1,setRotated=0
D/BootAnimation( 558): [BootAnimation main 91]nVolume=-1
D/BootAnimation( 558): before new BootAnimation...
D/BootAnimation( 558): [BootAnimation main 96]before new BootAnimation...
D/NVRAM ( 132): FileInfo: /data/nvram/md/NVRAM/CALIBRAT/ULB3_000
D/NVRAM ( 132): FileInfo: startaddr(6f9c) size(2c6) .
D/NVRAM ( 132): FileInfo: /data/nvram/md/NVRAM/CALIBRAT/UL1M_000
D/NVRAM ( 132): FileInfo: startaddr(7262) size(62) .
D/BootAnimation( 558): [BootAnimation frameworks/base/cmds/bootanimation/BootAn imation.cpp BootAnimation 98]
D/BootAnimation( 558): [BootAnimation BootAnimation 107]bBootOrShutDown=1,bPlay MP3=1,bShutRotate=0
D/BootAnimation( 558): [BootAnimation onFirstRef 150]start
D/BootAnimation( 558): [BootAnimation onFirstRef 159]end
D/BootAnimation( 558): joinThreadPool...
D/BootAnimation( 558): [BootAnimation main 99]before joinThreadPool...
D/BootAnimation( 558): [BootAnimation readyToRun 371]start
W/asset ( 558): Asset path /system/framework/framework-res.apk is neither a d irectory nor file (type=0).
W/asset ( 558): Asset path /system/framework/mediatek-res.apk is neither a di rectory nor file (type=0).
W/asset ( 558): AssetManager-->addDefaultAssets isok2 is false
D/BootAnimation( 558): readyToRun getDisplayInfo()...
D/BootAnimation( 558): [BootAnimation readyToRun 383]set default orientation
D/BootAnimation( 558): [BootAnimation readyToRun 393]ro.sf.hwrotation= 0
D/BootAnimation( 558): ***** bootanimation createSurface(dinfo.w 720 dinfo.h 12 80) *****D/NVRAM ( 132): FileInfo: /data/nvram/md/NVRAM/CALIBRAT/UL1N_000
D/NVRAM ( 132): FileInfo: startaddr(72c4) size(62) .
I/BufferQueue( 134): [unnamed-134-1](this:0x4216e9f0,api:0) BufferQueue
I/BufferQueue( 134): [unnamed-134-1](this:0x4216e9f0,api:0) consumerConnect
I/BufferQueue( 134): [unnamed-134-1](this:0x4216e9f0,api:0) setConsumerName: un named-134-1
I/SurfaceTexture( 134): [unnamed-134-1](this:0x4216f778,api:0) SurfaceTexture
I/BufferQueue( 134): [unnamed-134-1](this:0x4216e9f0,api:0) setSynchronousMode: enabled=1
I/BufferQueue( 134): [unnamed-134-1](this:0x4216e9f0,api:0) setDefaultBufferSiz e: w=720, h=1280
I/BufferQueue( 134): [BootAnimation](this:0x4216e9f0,api:0) setConsumerName: Bo otAnimation
D/BootAnimation( 558): draw a black screen first to avoid landscape ghost image
E/Trace ( 558): error opening trace file: No such file or directory (2)
I/BufferQueue( 134): [BootAnimation](this:0x4216e9f0,api:0) connect: api=2
I/BufferQueue( 134): [BootAnimation](this:0x4216e9f0,api:2) setSynchronousMode: enabled=1
I/BufferQueue( 134): [BootAnimation](this:0x4216e9f0,api:2) new GraphicBuffer n eeded
D/BufferQueue( 134): [OLD] gb:NULL
D/NVRAM ( 132): FileInfo: /data/nvram/md/NVRAM/CALIBRAT/UL1O_000
D/NVRAM ( 132): FileInfo: startaddr(7326) size(62) .
I/GraphicBuffer( 134): allocate buffer (w:736 h:1280 f:4) err(0)
I/BufferQueue( 134): [NEW] gb=0x4216fd20, handle=0x41e22538, w=720, h=1280, s=736, fmt=4
I/BufferQueue( 134): [BootAnimation](this:0x4216e9f0,api:2) disconnect: api=2
D/NVRAM ( 132): FileInfo: /data/nvram/md/NVRAM/CALIBRAT/UL1P_000
D/NVRAM ( 132): FileInfo: startaddr(7388) size(62) .
D/NVRAM ( 132): FileInfo: /data/nvram/md/NVRAM/CALIBRAT/UL1Q_000
D/NVRAM ( 132): FileInfo: startaddr(73ea) size(62) .
I/SurfaceTexture( 134): [BootAnimation](this:0x4216f778,api:2) [void* android:: SurfaceTexture::createImage(EGLDisplay, const android::sp&)]
D/SurfaceTexture( 134): GraphicBuffer: gb=0x4216fd20 handle=0x41e22538
D/SurfaceTexture( 134): EGLImage: dpy=0x1, img=0x41f688d0
